{"id":20,"date":"2020-10-30T09:26:11","date_gmt":"2020-10-30T09:26:11","guid":{"rendered":"https:\/\/tourismotion.eu\/?page_id=20"},"modified":"2023-09-07T07:24:45","modified_gmt":"2023-09-07T07:24:45","slug":"about-motion","status":"publish","type":"page","link":"https:\/\/tourismotion.eu\/index.php\/about-motion\/","title":{"rendered":"About MOTION"},"content":{"rendered":"\n<hr class=\"wp-block-separator has-css-opacity is-style-wide\"\/>\n\n\n\n<h4 class=\"wp-block-heading\">What is MOTION?<\/h4>\n\n\n\n<p>MOTION\u2019s <strong>context<\/strong> lies in overtourism in five EU regions: Toru\u0144, Poland; Granada, Spain; Klaipeda, Lithuania; Fehmarn, Germany; and Rovaniemi, Finland. The project addresses overtourism problems, such as overcrowding, tourism\u2019s problems with residents, environmental &amp; heritage degradation, and low-quality experiences. &nbsp;<\/p>\n\n\n\n<p>The <strong>aim<\/strong> of the project is to develop solutions for top tourist destinations that suffer from mass tourism (e.g. UNESCO World Heritage Sites ). The focus is on protecting the locations and their environment.<\/p>\n\n\n\n<p>Six project <strong>partners<\/strong>, Laurea UAS, Kiel UAS, Nicolaus Copernicus University in Toru\u0144, University of Granada, Klaip\u0117da University and municipality of Monachil, form a strategic partnership to create awareness leading&nbsp; to actions to combat overtourism issues.<\/p>\n\n\n\n<p>Awareness and actions are aided by MOTION\u2019s objective to help SMEs and <strong>students<\/strong> generate solutions and new sustainable tourism services with Futures and Design Thinking. At least 125 students and 14 teachers and professors will participate in this process, together with at least 25 SMEs (small business enterprises) and five associate partners. Additional students will participate in many activities through their interest and studies at their HEIs. Residents in the regions will be involved in some ways during the project.<\/p>\n\n\n\n<p>The <strong>priorities <\/strong>of MOTION include the environmental and climate goal, innovative practices in a digital era, and tackling skills gaps and mismatches. With the activities, MOTION focuses on the priorities, aims and objectives to create awareness on sustainable tourism and overtourism issues.<\/p>\n\n\n\n<p><strong><em>About Motion in our Partner languages<\/em><\/strong>:<\/p>\n\n\n\n<p><strong>DEUTSCH: Was ist MOTION?<\/strong><\/p>\n\n\n\n<p><br>Das <strong>Hauptthema<\/strong> von MOTION ist der \u00dcbertourismus in f\u00fcnf EU-Regionen:&nbsp;Toru\u0144, Polen; Granada, Spanien;&nbsp;Klaipeda, Litauen; Fehmarn, Deutschland; und&nbsp;Rovaniemi, Finnland. Das Projekt befasst sich mit Problemen des \u00dcbertourismus, wie \u00dcberf\u00fcllung, Probleme des Tourismus mit den Einwohnern, Sch\u00e4digung der Umwelt und des kulturellen Erbes sowie minderwertige Erlebnisse.<\/p>\n\n\n\n<p><strong>Ziel des Projekts<\/strong> ist es, L\u00f6sungen f\u00fcr Top-Tourismusziele zu entwickeln, die unter dem Massentourismus leiden (z. B.&nbsp;UNESCO-Welterbest\u00e4tten). Der Schwerpunkt liegt dabei auf dem Schutz der Orte und ihrer Umwelt.<\/p>\n\n\n\n<p>Sechs <strong>Projektpartner<\/strong>, die Fachhochschule&nbsp;Laurea, die Fachhochschule Kiel, die Nikolaus-Kopernikus-Universit\u00e4t in&nbsp;Toru\u0144, die Universit\u00e4t Granada, die Universit\u00e4t Klaip\u0117da und die Gemeinde&nbsp;Monachil, bilden eine strategische Partnerschaft, um das Bewusstsein f\u00fcr die Problematik des \u00dcbertourismus zu sch\u00e4rfen und Ma\u00dfnahmen zu ergreifen.<\/p>\n\n\n\n<p>Die Sensibilisierung und die Ma\u00dfnahmen werden durch das Ziel von MOTION unterst\u00fctzt, kleine bis mittelst\u00e4ndische Unternehmen und <strong>Studenten<\/strong> bei der Entwicklung von L\u00f6sungen und neuen nachhaltigen&nbsp;Tourismusdienstleistungen&nbsp;mithilfe von Future- und&nbsp;Design-Thinking. Mindestens 125 Studenten und 14 Lehrer und Professoren werden an diesem Prozess teilnehmen, zusammen mit mindestens 25 kleine bis mittelst\u00e4ndische Unternehmen&nbsp;und f\u00fcnf assoziierten Partnern. Weitere Studierende werden durch ihr Interesse und ihr Studium an ihren Hochschulen an vielen Aktivit\u00e4ten teilnehmen. Die Bewohner der Regionen werden in das Projekt einbezogen.<\/p>\n\n\n\n<p>Zu den <strong>Priorit\u00e4ten <\/strong>von MOTION geh\u00f6ren das Umwelt- und Klimaziel, innovative Praktiken im digitalen Zeitalter und die Bek\u00e4mpfung von Qualifikationsdefiziten und -defiziten. Mit den Aktivit\u00e4ten konzentriert sich MOTION auf die Priorit\u00e4ten und Ziele, um ein Bewusstsein f\u00fcr nachhaltigen Tourismus und \u00dcbertourismus zu schaffen.<\/p>\n\n\n\n<p><strong>LITHUANIAN: Kas yra MOTION?<\/strong><\/p>\n\n\n\n<p>MOTION\u2019s&nbsp;<strong>kontekstas<\/strong>&nbsp;siejamas su pertekliniu turizmu penkiuose ES regionuose: Tor\u016bn\u0117je, Lenkija; Granada, Ispanija; Klaip\u0117da, Lietuva; Fehmarn, Vokietija; ir Rovaniemi, Suomija. Projektas skirtas perteklinio turizmo problemoms spr\u0119sti, tokioms kaip pernelyg intensyvus lankymas, turizmo s\u0105lygotos problemos vietini\u0173 gyventoj\u0173 at\u017evilgiu, aplinkos ir paveldo degradacija bei nekokybi\u0161ka patirtis. &nbsp;<\/p>\n\n\n\n<p>Projekto&nbsp;<strong>tikslas<\/strong>&nbsp;yra parengti sprendimus populiariausioms turistin\u0117ms vietoms, kurios ken\u010dia nuo masinio turizmo (pvz., UNESCO pasaulio paveldo objektai). Pagrindinis d\u0117mesys skiriamas vietovi\u0173 ir j\u0173 aplinkos apsaugai.<\/p>\n\n\n\n<p>\u0160e\u0161i projekto&nbsp;<strong>partneriai<\/strong>, Laurea UAS, Kiel UAS, Nicolaus Copernicus University Tor\u016bn\u0117je, University of Granada, Klaip\u0117dos Universitetas ir Monachil savivaldyb\u0117, suformavo strategin\u0119 partneryst\u0119, skatinan\u010di\u0105 s\u0105moningum\u0105, \u012fgalinant\u012f spr\u0119sti perteklinio turizmo problemas.<\/p>\n\n\n\n<p>S\u0105moningumas ir veiklos s\u0105lygoja MOTION tiksl\u0173 \u012fgyvendinim\u0105 &#8211; pad\u0117ti SVV ir studentams kurti sprendimus ir naujas tvaraus turizmo paslaugas, taikant ateities ir k\u016brybinio m\u0105stymo metodus. \u0160iame procese dalyvaus ma\u017eiausiai 125 studentai, 14 d\u0117stytoj\u0173 ir profesori\u0173 kartu su ma\u017eiausiai 25 SVV (smulkaus ir vidutinio verslo \u012fmon\u0117mis) ir penkiais asocijuotais partneriais. Kiti studentai dalyvaus daugyb\u0117je veikl\u0173, dom\u0117damiesi ir studijuodami savo auk\u0161tojo mokslo institucijose. Projekto metu region\u0173 gyventojai bus taip pat \u012ftraukti \u012f projekto veiklas.<\/p>\n\n\n\n<p>MOTION <strong>prioritetai<\/strong> apr\u0117pia su aplinka ir klimatu susijusius tikslus, novatori\u0161k\u0105 praktik\u0105 skaitmenin\u0117je eroje, \u012fg\u016bd\u017ei\u0173 sprag\u0173 bei neatitikim\u0173 \u0161alinim\u0105. MOTION sutelkia d\u0117mes\u012f \u012f prioritetus, tikslus ir u\u017edavinius, kad padidint\u0173 supratim\u0105 apie tvar\u0173 turizm\u0105 ir perteklinio turizmo problema<\/p>\n\n\n\n<p><strong>SPANISH: Qu\u00e9 es MOTION?<\/strong><\/p>\n\n\n\n<p>El proyecto MOTION se enfoca en problema del turismo masificado, considerando cinco regiones de la UE: Toru\u0144, Polonia; Granada, Espa\u00f1a; Klaipeda, Lituania; Fehmarn, Alemania; y Laponia, Finlandia. El proyecto aborda problemas de masificaci\u00f3n tur\u00edstica como la saturaci\u00f3n, los problemas del turismo con los residentes, la degradaci\u00f3n ambiental y del patrimonio y las experiencias de baja calidad.<\/p>\n\n\n\n<p>El objetivo del proyecto es desarrollar soluciones para los principales destinos tur\u00edsticos que sufren el turismo de masas (por ejemplo, Patrimonios Mundial de la UNESCO). La atenci\u00f3n se centra en proteger las ubicaciones y su entorno.<\/p>\n\n\n\n<p>Seis socios del proyecto: Laurea UAS, Kiel UAS, la Universidad Nicolaus Copernicus, la Universidad de Granada, la Universidad Klaip\u0117da y el municipio de Monachil, forman una asociaci\u00f3n estrat\u00e9gica para crear conciencia que conduzca a acciones para combatir los problemas del turismo masificado.<\/p>\n\n\n\n<p>La concienciaci\u00f3n y las acciones se apoyan en el objetivo de MOTION de ayudar a las pymes y los estudiantes a generar soluciones y nuevos servicios de turismo sostenible con una metodolog\u00eda basada en el desarrollo de escenarios y de innovaci\u00f3n centrada en el turista (<em>Design Thinking<\/em>). En este proceso participar\u00e1n al menos 125 estudiantes y 14 docentes y profesores, junto con al menos 25 pymes (peque\u00f1as empresas) y cinco socios. Otros estudiantes participar\u00e1n en muchas actividades de acuerdo a su inter\u00e9s y estudios en sus universidades. Los residentes de las regiones ser\u00e1n incluidos tambi\u00e9n en el proyecto.<\/p>\n\n\n\n<p>Las prioridades de MOTION incluyen el objetivo ambiental y clim\u00e1tico, el desarrollo de pr\u00e1cticas innovadoras en la era digital y la formaci\u00f3n en habilidades. Con estas actividades, MOTION delimita prioridades, metas y objetivos para crear conciencia sobre el turismo sostenible y los problemas de la masificaci\u00f3n tur\u00edstica.<\/p>\n\n\n\n<p><strong>POLISH: Czym jest MOTION?<\/strong><\/p>\n\n\n\n<p>MOTION <strong>skupia si\u0119<\/strong> na zjawisku tzw. overtourism\u2019u w pi\u0119ciu miastach i regionach UE: w Polsce b\u0119dzie to miasto Toru\u0144, a ponadto Granada (Hiszpania), K\u0142ajpeda (Litwa), wyspa Fehmarn (Niemcy) i Rovaniemi (Finlandia). Projekt dotyczy problem\u00f3w wynikaj\u0105cych z nadmiernej turystyki i wzmo\u017conego nap\u0142ywu turyst\u00f3w, jak obni\u017cenie komfortu \u017cycia mieszka\u0144c\u00f3w, do\u015bwiadczenia niskiej jako\u015bci us\u0142ug turystycznych, czy degradacja \u015brodowiska naturalnego i dziedzictwa.<\/p>\n\n\n\n<p><strong>Celem<\/strong> projektu jest opracowanie rozwi\u0105za\u0144 dla najwa\u017cniejszych o\u015brodk\u00f3w turystycznych dotkni\u0119tych masow\u0105 turystyk\u0105 (np. obiekty \u015bwiatowego dziedzictwa UNESCO). Nacisk k\u0142adziony jest na ochron\u0119 lokalizacji i ich \u015brodowisk.<\/p>\n\n\n\n<p>Sze\u015bciu <strong>partner\u00f3w<\/strong> projektu &#8211; dwa uniwersytety nauk stosowanych: Laurea UAS (Finlandia) i Kiel UAS (Niemcy) oraz Uniwersytet Miko\u0142aja Kopernika w Toruniu, Uniwersytet w K\u0142ajpedzie, Uniwersytet w Granadzie wraz z gmin\u0105 Monachil (Hiszpania) tworz\u0105 strategiczne partnerstwo w celu budowania \u015bwiadomo\u015bci prowadz\u0105cej do dzia\u0142a\u0144 maj\u0105cych na celu zwalczanie problem\u00f3w zwi\u0105zanych z nadmiern\u0105 turystyk\u0105.<\/p>\n\n\n\n<p>\u015awiadomo\u015b\u0107 i dzia\u0142ania s\u0105 wspierane przez cel MOTION, aby pom\u00f3c M\u015aP i <strong>studentom<\/strong> w tworzeniu rozwi\u0105za\u0144 i nowych zr\u00f3wnowa\u017conych us\u0142ug turystycznych z wykorzystaniem metod Futures i Design Thinking. W procesie tym we\u017amie udzia\u0142 co najmniej 125 student\u00f3w oraz 14 nauczycieli i profesor\u00f3w, a tak\u017ce co najmniej 25 M\u015aP i pi\u0119ciu partner\u00f3w stowarzyszonych. Dodatkowo, studenci b\u0119d\u0105 uczestniczy\u0107 w wielu zaj\u0119ciach w ramach swoich zainteresowa\u0144 w ramach studi\u00f3w na swoich uczelniach. Podj\u0119ta zostanie tak\u017ce pr\u00f3ba zaanga\u017cowania w projekcie mieszka\u0144c\u00f3w region\u00f3w.<\/p>\n\n\n\n<p><strong>Priorytety<\/strong> MOTION obejmuj\u0105 cel \u015brodowiskowy i klimatyczny, innowacyjne praktyki w erze cyfrowej oraz eliminowanie niedobor\u00f3w i niedopasowa\u0144 umiej\u0119tno\u015bci. Poprzez dzia\u0142ania MOTION koncentruje si\u0119 na priorytetach, celach i zadaniach, tak by zwi\u0119kszy\u0107 potrzeb\u0119 dzia\u0142a\u0144 na rzecz zr\u00f3wnowa\u017conej turystyki i \u015bwiadomo\u015b\u0107 problem\u00f3w wynikaj\u0105cych z nadmiernej turystyki.<\/p>\n\n\n\n<p><strong>Suomeksi:<\/strong> <strong>Mik\u00e4 on MOTION?<\/strong><\/p>\n\n\n\n<p>MOTIONin asiayhteys liittyy yliturismiin viidell\u00e4 EU-alueella: Toru\u0144, Puola; Granada, Espanja; Klaipeda, Liettua; Fehmarn, Saksa; ja Rovaniemi, Suomi. Hanke keskittyy yliturismiin liittyviin ongelmiin, kuten v\u00e4enpaljous, turistien ongelmat asukkaiden kanssa, ymp\u00e4rist\u00f6n ja perinteen heikentyminen, ja kokemukset heikosta laadusta.<\/p>\n\n\n\n<p>Hankkeen tavoitteena on kehitt\u00e4\u00e4 n\u00e4ille massaturismin turismikohteille ratkaisuja. Tarkoituksena on suojella alueita ja niiden ymp\u00e4rist\u00f6\u00e4.<\/p>\n\n\n\n<p>Kuusi hankekumppania, Laurea-ammattikorkeakoulu, Kiel UAS, Nicolaus Copernicus University Toru\u0144issa, University of Granada, Klaip\u0117da University ja Monachilin kunta, muodostavat strategisen kumppanuuden tavoitteena lis\u00e4t\u00e4 tietoisuutta, joka johtaa yliturismin ongelmien ratkaiseviin toimintoihin.<\/p>\n\n\n\n<p>Tietoisuutta and toimintaa tukee MOTIONin tavoite auttaa pk-yrityksi\u00e4 ja opiskelijoita kehitt\u00e4m\u00e4\u00e4n uusia kest\u00e4vi\u00e4 matkailun ratkaisuja tulevaisuus- ja palveluajattelun menetelmien avulla. Ainakin 125 opiskelijaa ja 14 lehtoria sek\u00e4 professoria osallistuvat t\u00e4h\u00e4n prosessiin 25 pk-yrityksen kanssa, joiden lis\u00e4ksi ainakin viisi muuta aluekumppania. Hankkeen aikana useat opiskelijat osallistuvat hankkeen muihin toimintoihin kiinnostustensa ja opintojensa mukaisesti. Paikalliset asukkaat ovat osana tietty\u00e4 toimintoja hankkeen aikana<\/p>\n\n\n\n<p>MOTIONin p\u00e4\u00e4m\u00e4\u00e4r\u00e4t sis\u00e4lt\u00e4v\u00e4t ymp\u00e4rist\u00f6- ja ilmastotavoitteet, innovatiiviset toiminnot digitaalisen aikakauden aikana, sek\u00e4 kohdentaa erilaisia taitojen puutteita. Toimintojensa avulla MOTION keskittyy p\u00e4\u00e4m\u00e4\u00e4riin ja tavoitteisiinsa luodakseen tietoisuutta kest\u00e4v\u00e4st\u00e4 matkailusta ja yliturismiin liittyvist\u00e4 ongelmista.&nbsp;<\/p>\n","protected":false},"excerpt":{"rendered":"<p>What is MOTION? MOTION\u2019s context lies in overtourism in five EU regions: Toru\u0144, Poland; Granada, Spain; Klaipeda, Lithuania; Fehmarn, Germany; and Rovaniemi, Finland. The project addresses overtourism problems, such as overcrowding, tourism\u2019s problems with residents, environmental &amp; heritage degradation, and low-quality experiences. &nbsp; The aim of the project is to develop solutions for top tourist [&hellip;]<\/p>\n","protected":false},"author":1025,"featured_media":0,"parent":0,"menu_order":0,"comment_status":"closed","ping_status":"closed","template":"","meta":{"footnotes":""},"class_list":["post-20","page","type-page","status-publish","hentry"],"blocksy_meta":{"page_title_panel":"","has_hero_section":"enabled","aaf5a4e72865d9c560da5b1ae01c4085":"","hero_section":"type-1","hero_elements":[{"id":"custom_title","enabled":true,"heading_tag":"h1","title":"Home","__id":"hAMSgTwEO2T9LMqfEoCM7"},{"id":"custom_description","enabled":true,"description_visibility":{"desktop":true,"tablet":true,"mobile":false},"__id":"pOnVUKPixeuFhLRtUTcMh"},{"id":"custom_meta","enabled":false,"meta_elements":[{"id":"author","enabled":true,"label":"By","has_author_avatar":"yes","avatar_size":25},{"id":"post_date","enabled":true,"label":"On","date_format_source":"default","date_format":"M j, Y"},{"id":"comments","enabled":true}],"page_meta_elements":{"joined":true,"articles_count":true,"comments":true},"__id":"YOsKsstC1oE8QDl8p9D-6"},{"id":"breadcrumbs","enabled":false,"__id":"HszqUSqAAra7BSKws7lzQ"}],"4c7badd69197138819e0348d8dd0ec00":"","hero_alignment1":{"0":"l","1":"e","2":"f","3":"t","desktop":"left","tablet":"left","mobile":"left","__changed":[]},"hero_alignment2":"center","hero_vertical_alignment":"center","b76676ed795e940f025ff88285d27b17":"","hero_structure":"narrow","7ea118e0decb6d82ff73b7546ad16b0d":"","page_title_bg_type":"featured_image","custom_hero_background":{"attachment_id":null},"parallax":{"desktop":false,"tablet":false,"mobile":false},"2db33fc6719f814a53c2a4ac10c19e6a":"","hero_height":"250px","pageTitleFont":{"family":"Arial","variation":"n7","size":{"desktop":"40px","tablet":"30px","mobile":"25px","__changed":[]},"line-height":{"desktop":"0","tablet":"0","mobile":"0","__changed":[]},"letter-spacing":{"desktop":"0em","tablet":"0em","mobile":"0em","__changed":[]},"text-transform":"CT_CSS_SKIP_RULE","text-decoration":"CT_CSS_SKIP_RULE"},"pageTitleFontColor":{"default":{"color":"CT_CSS_SKIP_RULEDEFAULT"}},"pageMetaFont":{"family":"Default","variation":"n6","size":"12px","line-height":"1.3","letter-spacing":"CT_CSS_SKIP_RULE","text-transform":"uppercase","text-decoration":"CT_CSS_SKIP_RULE"},"pageMetaFontColor":{"default":{"color":"CT_CSS_SKIP_RULEDEFAULT"},"hover":{"color":"CT_CSS_SKIP_RULEDEFAULT"}},"pageExcerptFont":{"family":"Default","variation":"Default","size":"CT_CSS_SKIP_RULE","line-height":"CT_CSS_SKIP_RULE","letter-spacing":"CT_CSS_SKIP_RULE","text-transform":"CT_CSS_SKIP_RULE","text-decoration":"CT_CSS_SKIP_RULE"},"pageExcerptColor":{"default":{"color":"CT_CSS_SKIP_RULEDEFAULT"}},"breadcrumbsFont":{"family":"Default","variation":"n6","size":"12px","line-height":"CT_CSS_SKIP_RULE","letter-spacing":"CT_CSS_SKIP_RULE","text-transform":"uppercase","text-decoration":"CT_CSS_SKIP_RULE"},"breadcrumbsFontColor":{"default":{"color":"CT_CSS_SKIP_RULEDEFAULT"},"initial":{"color":"CT_CSS_SKIP_RULEDEFAULT"},"hover":{"color":"CT_CSS_SKIP_RULEDEFAULT"}},"pageTitleOverlay":{"default":{"color":"CT_CSS_SKIP_RULE"}},"pageTitleBackground":{"background_type":"color","background_pattern":"type-1","background_image":{"attachment_id":null,"x":0,"y":0},"background_repeat":"no-repeat","background_size":"auto","background_attachment":"scroll","patternColor":{"default":{"color":"#e5e7ea"}},"backgroundColor":{"default":{"color":"#EDEFF2"}}},"3763a2c161db1bd3093a4ffb25573ddf":"","page_structure_type":"default","content_style":"inherit","vertical_spacing_source":"custom","content_area_spacing":"both","background":{"background_type":"color","background_pattern":"type-1","background_image":{"attachment_id":null,"x":0,"y":0},"background_repeat":"no-repeat","background_size":"auto","background_attachment":"scroll","patternColor":{"default":{"color":"#e5e7ea"}},"backgroundColor":{"default":{"color":"CT_CSS_SKIP_RULE"}}},"content_background":{"background_type":"color","background_pattern":"type-1","background_image":{"attachment_id":null,"x":0,"y":0},"background_repeat":"no-repeat","background_size":"auto","background_attachment":"scroll","patternColor":{"default":{"color":"#e5e7ea"}},"backgroundColor":{"default":{"color":"#ffffff"}}},"content_boxed_shadow":{"inherit":false,"blur":18,"spread":-6,"v_offset":12,"h_offset":0,"inset":false,"enable":true,"color":{"color":"rgba(34, 56, 101, 0.04)"}},"boxed_content_spacing":{"desktop":{"top":"40px","bottom":"40px","left":"40px","right":"40px","linked":true},"tablet":{"top":"35px","bottom":"35px","left":"35px","right":"35px","linked":true},"mobile":{"top":"20px","bottom":"20px","left":"20px","right":"20px","linked":true}},"content_boxed_radius":{"top":"3px","bottom":"3px","left":"3px","right":"3px","linked":true},"660f09144ccb2d54dd6b7bfa1df536d6":"","disable_featured_image":"no","disable_header":"no","disable_footer":"no","d3bcb015bea7b1db47c4bf2ff11d969a":"","6ab596a8711ae13d208fb3bcace1d432":"","4c5216266518d5641142c1969ea9b49d":"","b44156cb70e11072a683f43e52da1f22":"","fb61822e425903e1d2fc8dfbc7cf9a98":"","b468ee3b20ab3dc48ebbbe7175d296ee":"","4ba38df879ae636043a777332e4211ca":"","27908260a18403822788faeeef8c3ca3":"","561cec5c9d7776a7801ad65b79228478":"","5cd06231de703e095807507fffb16024":"","059b13258a91b05be458d1cfb3601252":"","a32b2968c0fa2798cd066f30f8db215c":"","4c8f70d8d5ed4f41327e26852f16120f":"","a9c6435cae9880e3e0078b50663accec":"","2c4b7c0e79c7a5b15cb11ea2c30db8cc":"","3ede7cc7d95ae12ea39f216020995241":"","562be21d0bc422209f2510fd6b7bc526":"","3db5b845b9d36833955a34d637fe5799":"","33d3ee0ca16ddcc83c56ce7d1fda4a01":"","6af07029c6f211d1e5307edfb9d5083e":"","a54261045ab6f6bc150560081262ff17":"","styles_descriptor":{"styles":{"desktop":"[data-prefix=\"single_page\"] .entry-header .page-title {--theme-font-family:Arial;--theme-font-weight:700;--theme-font-size:40px;--theme-line-height:0;--theme-letter-spacing:0em;} [data-prefix=\"single_page\"] .entry-header .entry-meta {--theme-font-weight:600;--theme-text-transform:uppercase;--theme-font-size:12px;--theme-line-height:1.3;} [data-prefix=\"single_page\"] .hero-section[data-type=\"type-1\"] {--alignment:left;}","tablet":"[data-prefix=\"single_page\"] .entry-header .page-title {--theme-font-size:30px;}","mobile":"[data-prefix=\"single_page\"] .entry-header .page-title {--theme-font-size:25px;}"},"google_fonts":[],"version":6}},"_links":{"self":[{"href":"https:\/\/tourismotion.eu\/index.php\/wp-json\/wp\/v2\/pages\/20","targetHints":{"allow":["GET"]}}],"collection":[{"href":"https:\/\/tourismotion.eu\/index.php\/wp-json\/wp\/v2\/pages"}],"about":[{"href":"https:\/\/tourismotion.eu\/index.php\/wp-json\/wp\/v2\/types\/page"}],"author":[{"embeddable":true,"href":"https:\/\/tourismotion.eu\/index.php\/wp-json\/wp\/v2\/users\/1025"}],"replies":[{"embeddable":true,"href":"https:\/\/tourismotion.eu\/index.php\/wp-json\/wp\/v2\/comments?post=20"}],"version-history":[{"count":0,"href":"https:\/\/tourismotion.eu\/index.php\/wp-json\/wp\/v2\/pages\/20\/revisions"}],"wp:attachment":[{"href":"https:\/\/tourismotion.eu\/index.php\/wp-json\/wp\/v2\/media?parent=20"}],"curies":[{"name":"wp","href":"https:\/\/api.w.org\/{rel}","templated":true}]}}